{"id":223,"date":"2017-08-14T09:07:59","date_gmt":"2017-08-14T09:07:59","guid":{"rendered":"https:\/\/pranaresorts.com\/antalya-doganhotel-tr\/?page_id=223"},"modified":"2020-02-05T00:23:49","modified_gmt":"2020-02-05T00:23:49","slug":"standard-double","status":"publish","type":"page","link":"https:\/\/pranaresorts.com\/antalya-doganhotel-tr\/home\/rooms\/standard-double\/","title":{"rendered":"Standart \u00c7ift Ki\u015filik"},"content":{"rendered":"<p>[et_pb_section bb_built=&#8221;1&#8243; custom_padding=&#8221;0px|0px|0px|0px&#8221; _builder_version=&#8221;3.0.66&#8243; module_class=&#8221;gone&#8221; global_module=&#8221;850&#8243;][et_pb_row global_parent=&#8221;850&#8243; _builder_version=&#8221;3.0.66&#8243; background_size=&#8221;initial&#8221; background_position=&#8221;top_left&#8221; background_repeat=&#8221;repeat&#8221; custom_padding=&#8221;10px||10px|&#8221; background_position_1=&#8221;top_left&#8221; background_repeat_1=&#8221;no-repeat&#8221;][et_pb_column type=&#8221;4_4&#8243;][et_pb_code admin_label=&#8221;Announcement&#8221; global_parent=&#8221;850&#8243; _builder_version=&#8221;3.0.66&#8243;]this is announcement[\/et_pb_code][\/et_pb_column][\/et_pb_row][\/et_pb_section][et_pb_section bb_built=&#8221;1&#8243; fullwidth=&#8221;on&#8221; _builder_version=&#8221;3.0.66&#8243; global_module=&#8221;648&#8243;][et_pb_fullwidth_code admin_label=&#8221;Best Rate Logo&#8221; global_parent=&#8221;648&#8243; _builder_version=&#8221;3.0.66&#8243;]&lt;a href=&quot;\/koh-samui-nandana\/best-rate-guarantee\/&quot; class=&quot;bestrates&quot;&gt;&lt;!&#8211; [et_pb_line_break_holder] &#8211;&gt;&lt;\/a&gt;[\/et_pb_fullwidth_code][\/et_pb_section][et_pb_section bb_built=&#8221;1&#8243; custom_padding=&#8221;10px|||&#8221; module_id=&#8221;headerheight&#8221; _builder_version=&#8221;3.0.66&#8243; background_image=&#8221;https:\/\/pranaresorts.com\/antalya-doganhotel-tr\/wp-content\/uploads\/sites\/15\/2017\/08\/standard.jpg&#8221; custom_css_before=&#8221;content: %22%22;|| background: rgba(0, 0, 0, 0.7);|| position: absolute;|| top: 0;|| left: 0;|| right: 0;|| bottom: 0;|| z-index: 0;&#8221; custom_css_main_element=&#8221;min-height:200px;&#8221;][et_pb_row background_position_1=&#8221;top_left&#8221; background_position_2=&#8221;top_left&#8221; background_repeat_1=&#8221;no-repeat&#8221; background_repeat_2=&#8221;no-repeat&#8221; module_id=&#8221;wrapheight&#8221; _builder_version=&#8221;3.0.66&#8243; background_size=&#8221;initial&#8221; background_position=&#8221;top_left&#8221; background_repeat=&#8221;repeat&#8221; custom_css_main_element=&#8221;position:relative;||    bottom: -50px;||    color: #FFF;||    z-index: 2; &#8220;][et_pb_column type=&#8221;3_4&#8243;][et_pb_text admin_label=&#8221;Room Name&#8221; module_class=&#8221;headtittle&#8221; _builder_version=&#8221;3.0.66&#8243; custom_margin=&#8221;||0px|&#8221; background_layout=&#8221;light&#8221; text_orientation=&#8221;left&#8221; border_style=&#8221;solid&#8221;]<\/p>\n<p>Standart \u00c7ift Ki\u015filik<\/p>\n<p>[\/et_pb_text][et_pb_text admin_label=&#8221;Hotel Slogan&#8221; module_class=&#8221;subheadtittle&#8221; _builder_version=&#8221;3.0.66&#8243; global_module=&#8221;704&#8243; saved_tabs=&#8221;all&#8221; background_layout=&#8221;light&#8221; text_orientation=&#8221;left&#8221; border_style=&#8221;solid&#8221;]<\/p>\n<p>Antalya&#8217;daki bu tecru\u0308beye a\u00e7\u0131lan kap\u0131n\u0131z\u0131 her zaman hat\u0131rlayacaks\u0131n\u0131z<\/p>\n<p>[\/et_pb_text][\/et_pb_column][et_pb_column type=&#8221;1_4&#8243;][\/et_pb_column][\/et_pb_row][\/et_pb_section][et_pb_section bb_built=&#8221;1&#8243; _builder_version=&#8221;3.0.66&#8243; custom_css_main_element=&#8221;padding:0px !important;&#8221; global_module=&#8221;652&#8243;][et_pb_row global_parent=&#8221;652&#8243; background_position_1=&#8221;top_left&#8221; background_position_2=&#8221;top_left&#8221; background_repeat_1=&#8221;no-repeat&#8221; background_repeat_2=&#8221;no-repeat&#8221; custom_css_main_1=&#8221;margin-bottom:0px !important;&#8221; custom_css_main_2=&#8221;text-align:center !important;&#8221; disabled_on=&#8221;off|off|&#8221; _builder_version=&#8221;3.0.66&#8243; custom_css_main_element=&#8221;padding:8px 0px 4px !important;&#8221;][et_pb_column type=&#8221;3_4&#8243;][et_pb_code admin_label=&#8221;Hotel Details&#8221; global_parent=&#8221;652&#8243; _builder_version=&#8221;3.0.66&#8243;]&lt;h1 class=&quot;hblack&quot;&gt;Do\u011fan Hotel&lt;\/h1&gt;&lt;!&#8211; [et_pb_line_break_holder] &#8211;&gt;&lt;span Class=&quot;address&quot;&gt;Mermerli Banyo Sok. No:5 Kalei\u00e7i 07100 Antalya,&lt;!&#8211; [et_pb_line_break_holder] &#8211;&gt;Turkey\u00a0 \u00a0 Tel: +90 242 247 4654 Faks: +90 242 247 4006&lt;\/span&gt;&lt;!&#8211; [et_pb_line_break_holder] &#8211;&gt;&lt;ul class=&quot;room-config list-inline&quot;&gt;&lt;!&#8211; [et_pb_line_break_holder] &#8211;&gt;&lt;li&gt;&lt;i class=&quot;fa fa-map-marker&quot; aria-hidden=&quot;true&quot;&gt;&lt;\/i&gt;&lt;a href=&quot;\/antalya-doganhotel-tr\/location\/&quot;&gt;Lokasyon&lt;\/a&gt;&lt;\/li&gt;&lt;!&#8211; [et_pb_line_break_holder] &#8211;&gt;&lt;li&gt;&lt;i class=&quot;fa fa-info-circle&quot; aria-hidden=&quot;true&quot;&gt;&lt;\/i&gt;&lt;a href=&quot;\/antalya-doganhotel-tr\/our-concept\/&quot;&gt;Otel Konsepti&lt;\/a&gt;&lt;\/li&gt;&lt;!&#8211; [et_pb_line_break_holder] &#8211;&gt;&lt;li&gt;&lt;i class=&quot;fa fa-tripadvisor&quot; aria-hidden=&quot;true&quot;&gt;&lt;\/i&gt;&lt;a href=&quot;https:\/\/www.tripadvisor.com.my\/Hotel_Review-g297962-d304732-Reviews-Dogan_Hotel-Antalya_Turkish_Mediterranean_Coast.html&quot; target=&quot;_blank&quot;&gt;Otel De\u011ferlendirmeleri&lt;\/a&gt;&lt;\/li&gt;&lt;!&#8211; [et_pb_line_break_holder] &#8211;&gt;&lt;li&gt;&lt;i class=&quot;fa fa-envelope&quot; aria-hidden=&quot;true&quot;&gt;&lt;\/i&gt;&lt;a href=&quot;\/antalya-doganhotel-tr\/contact-us\/&quot;&gt;Sorular&lt;\/a&gt;&lt;\/li&gt;&lt;!&#8211; [et_pb_line_break_holder] &#8211;&gt;&lt;\/ul&gt;[\/et_pb_code][\/et_pb_column][et_pb_column type=&#8221;1_4&#8243;][et_pb_code admin_label=&#8221;Check Rates &amp; Availability&#8221; global_parent=&#8221;652&#8243; disabled_on=&#8221;off|off|&#8221; _builder_version=&#8221;3.0.66&#8243; saved_tabs=&#8221;all&#8221;]&lt;div class=&quot;rate&quot;&gt;&lt;!&#8211; [et_pb_line_break_holder] &#8211;&gt;&lt;h3 class=&quot;checkabi&quot;&gt;Fiyat &amp; M\u00fcsaitlik durumuna bak\u0131n&lt;\/h3&gt;&lt;!&#8211; [et_pb_line_break_holder] &#8211;&gt;&lt;div class=&quot;totalprice&quot;&gt;&lt;strong&gt;\u00d6zel fiyatlar ve mu\u0308kemmel se\u00e7enekler sizleri bekliyor&lt;\/strong&gt;&lt;br&gt;&lt;!&#8211; [et_pb_line_break_holder] &#8211;&gt;&lt;em&gt;&lt;\/em&gt;&lt;\/div&gt;&lt;!&#8211; [et_pb_line_break_holder] &#8211;&gt;&lt;div class=&quot;bookingmask&quot;&gt;&lt;!&#8211; [et_pb_line_break_holder] &#8211;&gt;&lt;!&#8211; [et_pb_line_break_holder] &#8211;&gt;&lt;div class=&quot;inner-wrap2&quot;&gt;&lt;!&#8211; [et_pb_line_break_holder] &#8211;&gt;&lt;!&#8211; [et_pb_line_break_holder] &#8211;&gt;&lt;form action=&quot;&quot;&gt;&lt;!&#8211; [et_pb_line_break_holder] &#8211;&gt;&lt;!&#8211; [et_pb_line_break_holder] &#8211;&gt;&lt;div class=&quot;col last&quot;&gt;&lt;\/div&gt;&lt;!&#8211; [et_pb_line_break_holder] &#8211;&gt;&lt;div&gt;&lt;!&#8211; [et_pb_line_break_holder] &#8211;&gt;  &lt;div&gt;&lt;!&#8211; [et_pb_line_break_holder] &#8211;&gt;  &lt;!&#8211; [et_pb_line_break_holder] &#8211;&gt;    &lt;button id=&quot;avl_submit&quot; type=&quot;submit&quot;&gt;&lt;!&#8211; [et_pb_line_break_holder] &#8211;&gt;&lt;a href=&quot;https:\/\/dogan-hotel-2.hotelrunner.com\/bv3\/search&quot; target=&quot;_blank&quot;&gt;\u015eimdi odan\u0131z\u0131 ay\u0131rt\u0131n&lt;\/a&gt;&lt;!&#8211; [et_pb_line_break_holder] &#8211;&gt;    &lt;\/button&gt;&lt;!&#8211; [et_pb_line_break_holder] &#8211;&gt;      &lt;\/div&gt;&lt;!&#8211; [et_pb_line_break_holder] &#8211;&gt;&lt;\/div&gt;&lt;!&#8211; [et_pb_line_break_holder] &#8211;&gt;&lt;!&#8211; [et_pb_line_break_holder] &#8211;&gt;&lt;!&#8211; [et_pb_line_break_holder] &#8211;&gt;&lt;\/form&gt;&lt;!&#8211; [et_pb_line_break_holder] &#8211;&gt;&lt;!&#8211; [et_pb_line_break_holder] &#8211;&gt;&lt;\/div&gt;&lt;!&#8211; [et_pb_line_break_holder] &#8211;&gt;&lt;\/div&gt;&lt;!&#8211; [et_pb_line_break_holder] &#8211;&gt;&lt;\/div&gt;[\/et_pb_code][\/et_pb_column][\/et_pb_row][\/et_pb_section][et_pb_section bb_built=&#8221;1&#8243; background_color=&#8221;#eceff1&#8243; custom_padding=&#8221;10px||0px|&#8221; module_class=&#8221;sz&#8221; _builder_version=&#8221;3.0.66&#8243;][et_pb_row custom_padding=&#8221;0px||0px|&#8221; custom_margin=&#8221;0px||8px|&#8221; background_position_1=&#8221;top_left&#8221; background_position_2=&#8221;top_left&#8221; background_repeat_1=&#8221;no-repeat&#8221; background_repeat_2=&#8221;no-repeat&#8221; custom_padding_last_edited=&#8221;on|desktop&#8221; _builder_version=&#8221;3.0.66&#8243; custom_margin_tablet=&#8221;0px||0px|&#8221; custom_margin_phone=&#8221;||0px|&#8221; custom_margin_last_edited=&#8221;on|phone&#8221;][et_pb_column type=&#8221;3_4&#8243;][et_pb_text admin_label=&#8221;Room Name&#8221; module_class=&#8221;hotelroomtittle2&#8243; _builder_version=&#8221;3.0.66&#8243; custom_margin=&#8221;0px||0px|&#8221; custom_padding=&#8221;0px|||&#8221; background_layout=&#8221;light&#8221; text_orientation=&#8221;left&#8221; border_style=&#8221;solid&#8221;]<\/p>\n<p>Standart \u00c7ift Ki\u015filik<\/p>\n<p>[\/et_pb_text][et_pb_text admin_label=&#8221;Highlight Description&#8221; module_class=&#8221;hotelroomsubtittle2&#8243; _builder_version=&#8221;3.0.66&#8243; custom_margin=&#8221;0px||10px|&#8221; background_layout=&#8221;light&#8221; text_orientation=&#8221;left&#8221; border_style=&#8221;solid&#8221;]<\/p>\n<p>Bu geni\u015f oda da ikiz yatak ve oturma alan\u0131 bulunmaktad\u0131r<\/p>\n<p>[\/et_pb_text][\/et_pb_column][et_pb_column type=&#8221;1_4&#8243;][\/et_pb_column][\/et_pb_row][\/et_pb_section][et_pb_section bb_built=&#8221;1&#8243; background_color=&#8221;#eceff1&#8243; custom_padding=&#8221;0px||54px|&#8221; specialty=&#8221;on&#8221; background_position_1=&#8221;top_left&#8221; background_position_2=&#8221;top_left&#8221; background_position_3=&#8221;top_left&#8221; background_repeat_1=&#8221;no-repeat&#8221; background_repeat_2=&#8221;no-repeat&#8221; background_repeat_3=&#8221;no-repeat&#8221; _builder_version=&#8221;3.0.66&#8243;][et_pb_column type=&#8221;1_2&#8243; specialty_columns=&#8221;2&#8243;][et_pb_row_inner admin_label=&#8221;Row&#8221; custom_padding=&#8221;0px||0px|&#8221; background_position_1=&#8221;top_left&#8221; background_repeat_1=&#8221;no-repeat&#8221; _builder_version=&#8221;3.0.66&#8243; custom_margin=&#8221;10px||18px|&#8221;][et_pb_column_inner type=&#8221;4_4&#8243; saved_specialty_column_type=&#8221;1_2&#8243;][et_pb_text admin_label=&#8221;Room Description&#8221; module_class=&#8221;hoteldescription&#8221; _builder_version=&#8221;3.0.66&#8243; custom_margin=&#8221;|||&#8221; custom_padding=&#8221;|||&#8221; background_layout=&#8221;light&#8221; text_orientation=&#8221;left&#8221; border_style=&#8221;solid&#8221;]<\/p>\n<p>\u00c7ift yatakl\u0131 ve  bir oturma alan\u0131 i\u00e7eren, canl\u0131 renklere sahip T\u00fcrk i\u015fi yatak \u00f6rt\u00fcleri, d\u00f6\u015femelik kuma\u015flar ve kilimler ile tefri\u015f edilmi\u015f ferah bir oda, antik \u015fehirde gezinti ile ge\u00e7irilen bir g\u00fcn\u00fcn sonunda g\u00fczel bir dinlenme ortam\u0131 sunar.<\/p>\n<p>[\/et_pb_text][et_pb_gallery admin_label=&#8221;Room Photo&#8221; gallery_ids=&#8221;1053,1054,1055,1056,1057&#8243; fullwidth=&#8221;on&#8221; show_pagination=&#8221;off&#8221; hover_icon=&#8221;%%51%%&#8221; _builder_version=&#8221;3.0.66&#8243; custom_css_main_element=&#8221;margin-bottom: 5px !important;&#8221; show_title_and_caption=&#8221;on&#8221; orientation=&#8221;landscape&#8221; zoom_icon_color=&#8221;#2ea3f2&#8243; hover_overlay_color=&#8221;rgba(255,255,255,0.9)&#8221; background_layout=&#8221;light&#8221; border_style=&#8221;solid&#8221; auto=&#8221;off&#8221; \/][\/et_pb_column_inner][\/et_pb_row_inner][et_pb_row_inner admin_label=&#8221;Row&#8221; custom_padding=&#8221;0px|0px|0px|&#8221; padding_top_2=&#8221;30px&#8221; background_position_1=&#8221;top_left&#8221; background_position_2=&#8221;top_left&#8221; background_repeat_1=&#8221;no-repeat&#8221; background_repeat_2=&#8221;no-repeat&#8221; padding_2_tablet=&#8221;15px|||&#8221; padding_2_phone=&#8221;0px|||&#8221; padding_2_last_edited=&#8221;on|tablet&#8221; _builder_version=&#8221;3.0.66&#8243; custom_margin=&#8221;0px|||&#8221; use_custom_gutter=&#8221;on&#8221; gutter_width=&#8221;1&#8243;][et_pb_column_inner type=&#8221;1_2&#8243; saved_specialty_column_type=&#8221;1_2&#8243;][et_pb_text admin_label=&#8221;Rate from&#8221; _builder_version=&#8221;3.0.66&#8243; custom_margin=&#8221;0px||0px|&#8221; global_module=&#8221;882&#8243; saved_tabs=&#8221;all&#8221; background_layout=&#8221;light&#8221; text_orientation=&#8221;left&#8221; border_style=&#8221;solid&#8221;]<\/p>\n<p>Kur de\u011ferinden<\/p>\n<p>[\/et_pb_text][et_pb_text admin_label=&#8221;Currency&#8221; module_class=&#8221;sellingprice&#8221; _builder_version=&#8221;3.0.66&#8243; custom_margin=&#8221;0px||0px|&#8221; saved_tabs=&#8221;all&#8221; background_layout=&#8221;light&#8221; text_orientation=&#8221;left&#8221; border_style=&#8221;solid&#8221;]<\/p>\n<p id=\"standard-double\">\n<p>[\/et_pb_text][et_pb_text admin_label=&#8221;Condition&#8221; module_class=&#8221;condition&#8221; _builder_version=&#8221;3.0.66&#8243; custom_margin=&#8221;0px||0px|&#8221; custom_css_main_element=&#8221;font-style: italic !important;&#8221; saved_tabs=&#8221;all&#8221; background_layout=&#8221;light&#8221; text_orientation=&#8221;left&#8221; border_style=&#8221;solid&#8221;]<\/p>\n<p>Oda ba\u015f\u0131na g\u00fcnl\u00fck<\/p>\n<p>[\/et_pb_text][\/et_pb_column_inner][et_pb_column_inner type=&#8221;1_2&#8243; saved_specialty_column_type=&#8221;1_2&#8243;][et_pb_button admin_label=&#8221;CTA&#8221; button_url=&#8221;https:\/\/dogan-hotel-2.hotelrunner.com\/bv3\/search&#8221; url_new_window=&#8221;on&#8221; button_text=&#8221;Oda m\u00fcsaitli\u011fini kontol edin&#8221; button_alignment=&#8221;left&#8221; _builder_version=&#8221;3.0.66&#8243; custom_button=&#8221;on&#8221; button_text_size=&#8221;14px&#8221; button_text_color=&#8221;#ffffff&#8221; button_bg_color=&#8221;#000000&#8243; button_border_width=&#8221;0px&#8221; button_border_color=&#8221;#000000&#8243; button_icon=&#8221;%%20%%&#8221; button_icon_color=&#8221;#ffffff&#8221; button_text_color_hover=&#8221;#ffffff&#8221; button_bg_color_hover=&#8221;#000000&#8243; button_text_size_last_edited=&#8221;on|phone&#8221; saved_tabs=&#8221;all&#8221; background_color=&#8221;#7EBEC5&#8243; background_layout=&#8221;light&#8221; button_letter_spacing=&#8221;0&#8243; button_icon_placement=&#8221;right&#8221; button_letter_spacing_hover=&#8221;0&#8243; module_class=&#8221;buttonright&#8221; \/][\/et_pb_column_inner][\/et_pb_row_inner][et_pb_row_inner admin_label=&#8221;Row&#8221; custom_padding=&#8221;0px||0px|&#8221; background_position_1=&#8221;top_left&#8221; background_repeat_1=&#8221;no-repeat&#8221; _builder_version=&#8221;3.0.66&#8243; custom_margin=&#8221;10px||0px|&#8221;][et_pb_column_inner type=&#8221;4_4&#8243; saved_specialty_column_type=&#8221;1_2&#8243;][et_pb_divider _builder_version=&#8221;3.0.66&#8243; divider_style=&#8221;dotted&#8221; divider_position=&#8221;center&#8221; hide_on_mobile=&#8221;off&#8221; color=&#8221;#b5b5b5&#8243; show_divider=&#8221;on&#8221; custom_css_main_element=&#8221;margin-bottom: 0px !important;||&#8221; \/][et_pb_text admin_label=&#8221;View&#8221; module_class=&#8221;iview&#8221; _builder_version=&#8221;3.0.66&#8243; custom_margin=&#8221;||0px|&#8221; background_layout=&#8221;light&#8221; text_orientation=&#8221;left&#8221; border_style=&#8221;solid&#8221;]<\/p>\n<ul>\n<li>\n<strong>Manzara:<\/strong> <span class=\"cpt\">Bah\u00e7e manzaras\u0131<\/span>\n<\/li>\n<\/ul>\n<p>[\/et_pb_text][et_pb_text admin_label=&#8221;Room sqm&#8221; module_class=&#8221;isqm&#8221; _builder_version=&#8221;3.0.66&#8243; custom_margin=&#8221;||0px|&#8221; background_layout=&#8221;light&#8221; text_orientation=&#8221;left&#8221; border_style=&#8221;solid&#8221;]<\/p>\n<ul>\n<li>\n<strong>Oda:<\/strong> <span class=\"cpt\">15-20 M2<\/span>\n<\/li>\n<\/ul>\n<p>[\/et_pb_text][et_pb_text admin_label=&#8221;Bed&#8221; module_class=&#8221;ibed&#8221; _builder_version=&#8221;3.0.66&#8243; custom_margin=&#8221;||0px|&#8221; background_layout=&#8221;light&#8221; text_orientation=&#8221;left&#8221; border_style=&#8221;solid&#8221;]<\/p>\n<ul>\n<li>\n<strong>Yatak:<\/strong> <span class=\"cpt\">\u00c7ift Ki\u015filik Yatak veya \u0130kiz Yatak<\/span>\n<\/li>\n<\/ul>\n<p>[\/et_pb_text][et_pb_text admin_label=&#8221;Accommodates&#8221; module_class=&#8221;iaccommodates&#8221; _builder_version=&#8221;3.0.66&#8243; custom_margin=&#8221;||0px|&#8221; background_layout=&#8221;light&#8221; text_orientation=&#8221;left&#8221; border_style=&#8221;solid&#8221;]<\/p>\n<ul>\n<li>\n<strong>Konaklama:<\/strong> <span class=\"cpt\">Yeti\u015fkin 3 ki\u015fi, \u00c7ocuk 2 ki\u015fi<\/span>\n<\/li>\n<\/ul>\n<p>[\/et_pb_text][et_pb_text admin_label=&#8221;Check In&#8221; module_class=&#8221;iin&#8221; _builder_version=&#8221;3.0.66&#8243; custom_margin=&#8221;||0px|&#8221; background_layout=&#8221;light&#8221; text_orientation=&#8221;left&#8221; border_style=&#8221;solid&#8221;]<\/p>\n<ul>\n<li>\n<strong>Check In:<\/strong> <span class=\"cpt\">14:00<\/span>\n<\/li>\n<\/ul>\n<p>[\/et_pb_text][et_pb_text admin_label=&#8221;Check Out&#8221; module_class=&#8221;iout&#8221; _builder_version=&#8221;3.0.66&#8243; custom_margin=&#8221;||0px|&#8221; background_layout=&#8221;light&#8221; text_orientation=&#8221;left&#8221; border_style=&#8221;solid&#8221;]<\/p>\n<ul>\n<li>\n<strong>Check Out:<\/strong> <span class=\"cpt\">12:00<\/span>\n<\/li>\n<\/ul>\n<p>[\/et_pb_text][\/et_pb_column_inner][\/et_pb_row_inner][\/et_pb_column][et_pb_column type=&#8221;1_4&#8243;][et_pb_divider _builder_version=&#8221;3.0.66&#8243; divider_style=&#8221;solid&#8221; divider_position=&#8221;top&#8221; hide_on_mobile=&#8221;on&#8221; \/][et_pb_text admin_label=&#8221;Room Features&#8221; module_class=&#8221;ifeatures&#8221; _builder_version=&#8221;3.0.66&#8243; custom_margin=&#8221;||0px|&#8221; global_module=&#8221;914&#8243; saved_tabs=&#8221;all&#8221; background_layout=&#8221;light&#8221; text_orientation=&#8221;left&#8221; border_style=&#8221;solid&#8221;]<\/p>\n<ul>\n<li>\n<strong>Oda \u00d6zellikleri:<\/strong>\n<\/li>\n<\/ul>\n<p>[\/et_pb_text][et_pb_text admin_label=&#8221;Room Features Value&#8221; module_id=&#8221;itick&#8221; module_class=&#8221;cpt&#8221; _builder_version=&#8221;3.0.66&#8243; custom_margin=&#8221;||5px|&#8221; custom_padding=&#8221;|||25px&#8221; background_layout=&#8221;light&#8221; text_orientation=&#8221;left&#8221; border_style=&#8221;solid&#8221;]<\/p>\n<ul>\n<li>Split Klima<\/li>\n<li>Tavan vantilat\u00f6r\u00fc<\/li>\n<li>Ah\u015fap \/ Parke Zemin<\/li>\n<li>Kettle ve \u00e7ay, kahve seti<\/li>\n<li>Bah\u00e7e manzaras\u0131<\/li>\n<li>Kara Manzaral\u0131<\/li>\n<li>Da\u011f manzaras\u0131<\/li>\n<li>Kasa<\/li>\n<li>Mini Bar (\u00dccretli)<\/li>\n<\/ul>\n<p>[\/et_pb_text][et_pb_text admin_label=&#8221;Communication&#8221; module_class=&#8221;icommunication&#8221; _builder_version=&#8221;3.0.66&#8243; custom_margin=&#8221;||0px|&#8221; global_module=&#8221;915&#8243; saved_tabs=&#8221;all&#8221; background_layout=&#8221;light&#8221; text_orientation=&#8221;left&#8221; border_style=&#8221;solid&#8221;]<\/p>\n<ul>\n<li>\n<strong>\u0130leti\u015fim:<\/strong>\n<\/li>\n<\/ul>\n<p>[\/et_pb_text][et_pb_text admin_label=&#8221;Room Features Value&#8221; module_id=&#8221;itick&#8221; module_class=&#8221;cpt&#8221; _builder_version=&#8221;3.0.66&#8243; custom_margin=&#8221;||5px|&#8221; custom_padding=&#8221;|||25px&#8221; background_layout=&#8221;light&#8221; text_orientation=&#8221;left&#8221; border_style=&#8221;solid&#8221;]<\/p>\n<ul>\n<li>Telefon<\/li>\n<li>Kablosuz \u0130nternet Eri\u015fimi (\u00dccretsiz) <\/li>\n<\/ul>\n<p>[\/et_pb_text][\/et_pb_column][et_pb_column type=&#8221;1_4&#8243;][et_pb_divider _builder_version=&#8221;3.0.66&#8243; divider_style=&#8221;solid&#8221; divider_position=&#8221;top&#8221; hide_on_mobile=&#8221;on&#8221; \/][et_pb_text admin_label=&#8221;Entertainment&#8221; module_class=&#8221;ientertainment&#8221; _builder_version=&#8221;3.0.66&#8243; custom_margin=&#8221;||0px|&#8221; global_module=&#8221;916&#8243; saved_tabs=&#8221;all&#8221; background_layout=&#8221;light&#8221; text_orientation=&#8221;left&#8221; border_style=&#8221;solid&#8221;]<\/p>\n<ul>\n<li>\n<strong>E\u011flence:<\/strong>\n<\/li>\n<\/ul>\n<p>[\/et_pb_text][et_pb_text admin_label=&#8221;Room Features Value&#8221; module_id=&#8221;itick&#8221; module_class=&#8221;cpt&#8221; _builder_version=&#8221;3.0.66&#8243; custom_margin=&#8221;||5px|&#8221; custom_padding=&#8221;|||25px&#8221; background_layout=&#8221;light&#8221; text_orientation=&#8221;left&#8221; border_style=&#8221;solid&#8221;]<\/p>\n<ul>\n<li>Du\u0308z ekran TV<\/li>\n<li>Kablo-Uydu TV<\/li>\n<\/ul>\n<p>[\/et_pb_text][et_pb_text admin_label=&#8221;Bathroom Facilities&#8221; module_class=&#8221;ibathroom&#8221; _builder_version=&#8221;3.0.66&#8243; custom_margin=&#8221;||0px|&#8221; global_module=&#8221;917&#8243; saved_tabs=&#8221;all&#8221; background_layout=&#8221;light&#8221; text_orientation=&#8221;left&#8221; border_style=&#8221;solid&#8221;]<\/p>\n<ul>\n<li>\n<strong>Banyo \u0130mkanlar\u0131:<\/strong>\n<\/li>\n<\/ul>\n<p>[\/et_pb_text][et_pb_text admin_label=&#8221;Room Features Value&#8221; module_id=&#8221;itick&#8221; module_class=&#8221;cpt&#8221; _builder_version=&#8221;3.0.66&#8243; custom_margin=&#8221;||5px|&#8221; custom_padding=&#8221;|||25px&#8221; background_layout=&#8221;light&#8221; text_orientation=&#8221;left&#8221; border_style=&#8221;solid&#8221;]<\/p>\n<ul>\n<li>Du\u015f<\/li>\n<li>Buklet malzemeleri<\/li>\n<li>Sa\u00e7 kurutma makinesi<\/li>\n<\/ul>\n<p>[\/et_pb_text][et_pb_text admin_label=&#8221;Room Services&#8221; module_class=&#8221;iservices&#8221; _builder_version=&#8221;3.0.66&#8243; custom_margin=&#8221;||0px|&#8221; global_module=&#8221;918&#8243; saved_tabs=&#8221;all&#8221; background_layout=&#8221;light&#8221; text_orientation=&#8221;left&#8221; border_style=&#8221;solid&#8221;]<\/p>\n<ul>\n<li>\n<strong>Oda Hizmetleri:<\/strong>\n<\/li>\n<\/ul>\n<p>[\/et_pb_text][et_pb_text admin_label=&#8221;Room Features Value&#8221; module_id=&#8221;itick&#8221; module_class=&#8221;cpt&#8221; _builder_version=&#8221;3.0.66&#8243; custom_margin=&#8221;||5px|&#8221; custom_padding=&#8221;|||25px&#8221; background_layout=&#8221;light&#8221; text_orientation=&#8221;left&#8221; border_style=&#8221;solid&#8221;]<\/p>\n<ul>\n<li>Uyand\u0131rma servisi<\/li>\n<\/ul>\n<p>[\/et_pb_text][\/et_pb_column][\/et_pb_section]<\/p>\n","protected":false},"excerpt":{"rendered":"<ul class=\"room-config2 list-inline\">\n<li><i class=\"fa fa-arrows-h\" aria-hidden=\"true\"><\/i><a>15-20 M2<\/a><\/li>\n<li><i class=\"fa fa-bed\" aria-hidden=\"true\"><\/i><a>\u00c7ift ki\u015filik yatak<\/a><\/li>\n<li><i class=\"fa fa-male\" aria-hidden=\"true\"><\/i><a>3 ki\u015fi<\/a><\/li>\n<\/ul>\n<div class=\"glance\">\n<b>Oda \u00d6zellikleri:<\/b><\/p>\n<ul>\n<li>Bah\u00e7e manzaras\u0131<\/li>\n<li>Kablosuz \u0130nternet Eri\u015fimi (\u00dccretsiz)<\/li>\n<li>Uydu TV<\/li>\n<li>Split Klima<\/li>\n<\/ul>\n<\/div>\n<div >Kur de\u011ferinden <\/p>\n<div class=\"fullprice\"><\/div>\n<div class=\"sellingprice\">\n<p id=\"standard-double\">\n<\/div>\n<div class=\"condition\"><i>Oda ba\u015f\u0131na g\u00fcnl\u00fck<\/i><\/div>\n","protected":false},"author":2,"featured_media":963,"parent":43,"menu_order":0,"comment_status":"closed","ping_status":"closed","template":"","meta":{"footnotes":""},"class_list":["post-223","page","type-page","status-publish","has-post-thumbnail","hentry"],"_links":{"self":[{"href":"https:\/\/pranaresorts.com\/antalya-doganhotel-tr\/wp-json\/wp\/v2\/pages\/223","targetHints":{"allow":["GET"]}}],"collection":[{"href":"https:\/\/pranaresorts.com\/antalya-doganhotel-tr\/wp-json\/wp\/v2\/pages"}],"about":[{"href":"https:\/\/pranaresorts.com\/antalya-doganhotel-tr\/wp-json\/wp\/v2\/types\/page"}],"author":[{"embeddable":true,"href":"https:\/\/pranaresorts.com\/antalya-doganhotel-tr\/wp-json\/wp\/v2\/users\/2"}],"replies":[{"embeddable":true,"href":"https:\/\/pranaresorts.com\/antalya-doganhotel-tr\/wp-json\/wp\/v2\/comments?post=223"}],"version-history":[{"count":0,"href":"https:\/\/pranaresorts.com\/antalya-doganhotel-tr\/wp-json\/wp\/v2\/pages\/223\/revisions"}],"up":[{"embeddable":true,"href":"https:\/\/pranaresorts.com\/antalya-doganhotel-tr\/wp-json\/wp\/v2\/pages\/43"}],"wp:featuredmedia":[{"embeddable":true,"href":"https:\/\/pranaresorts.com\/antalya-doganhotel-tr\/wp-json\/wp\/v2\/media\/963"}],"wp:attachment":[{"href":"https:\/\/pranaresorts.com\/antalya-doganhotel-tr\/wp-json\/wp\/v2\/media?parent=223"}],"curies":[{"name":"wp","href":"https:\/\/api.w.org\/{rel}","templated":true}]}}